 = j**3 + 82*j**2 - 604*j + 1696. What is y(-89)?
5
Let y(a) = -a**3 - 11*a**2 + 67*a + 511. Give y(-7).
-154
Let z(l) = 7*l**3 + 4143*l**2 - 638*l - 27235. Determine z(-592).
-3
Let h(i) = 32*i**2 - 871*i + 5494. Give h(8).
574
Let s(c) = -1003*c - 52152. Give s(-52).
4
Let y(a) = -2*a**2 + 383*a - 837. Determine y(188).
479
Let i(u) = 138*u**3 + 7*u**2 - 19*u - 2. Determine i(2).
1092
Let x(i) = -i**3 + 282*i**2 + 1074*i - 223844. Calculate x(283).
9
Let u(n) = -2*n**2 + 1138*n - 39299. Give u(532).
69
Let w(p) = -p**3 + 232*p**2 + 497*p - 6851. Determine w(234).
-65
Let s(b) = 476*b + 60970. Calculate s(-128).
42
Let c(h) = 55*h**3 + 387*h**2 + 676*h + 4627. What is c(-7)?
-7
Let n(o) = 87*o**2 + 868*o + 1393. What is n(-2)?
5
Let o(n) = 5*n**3 - 806*n**2 + 255*n - 13017. What is o(161)?
2117
Let i(z) = -150118*z + 1351052. Determine i(9).
-10
Let p(h) = -5227*h + 182943. Give p(35).
-2
Let q(m) = m**2 + 262*m - 28578. Calculate q(83).
57
Let m(g) = -g**2 - 271*g + 57487. Determine m(140).
-53
Let p(m) = -332*m - 454. Give p(-2).
210
Let y(x) = -x**3 + 88*x**2 - 855*x + 23320. What is y(81)?
-8
Let x(k) = 890*k**2 - 33825*k + 180. What is x(38)?
-10
Let y(i) = -i**3 - 311*i**2 - 3864*i + 2963. Determine y(-298).
-17
Let v(o) = 2*o**2 + 16678*o - 166955. Give v(10).
25
Let r(s) = -2099*s + 125930. What is r(60)?
-10
Let c(o) = 50*o**2 - 13204*o + 1197. What is c(264)?
141
Let y(j) = 4*j**2 - 5349*j + 26814. Give y(5).
169
Let z(p) = -4611*p + 78386. What is z(17)?
-1
Let o(g) = 889*g**2 + 64891*g + 14. Calculate o(-73).
452
Let a(j) = -8531*j + 230359. What is a(27)?
22
Let w(b) = 28*b**3 - 7*b**2 + 19*b + 28. Give w(3).
778
Let o(d) = -198*d - 5630. Give o(-30).
310
Let h(a) = -11247*a - 100885. Calculate h(-9).
338
Let v(b) = 2*b**3 - 36*b**2 - 526*b + 3013. What is v(26)?
153
Let o(c) = 2*c**3 - 24*c**2 - 173*c - 30. Determine o(-7).
-681
Let f(b) = b**2 + 240*b - 2887. Calculate f(12).
137
Let h(p) = p**3 + 332*p**2 + 1632*p + 200. What is h(-327)?
1181
Let t(h) = -651*h + 76824. Calculate t(118).
6
Let r(g) = 18645*g - 36844. Determine r(2).
446
Let v(f) = -f**2 + 257*f + 1860. Determine v(265).
-260
Let z(n) = 2*n**3 - 33*n**2 - 40*n + 813. What is z(16)?
-83
Let u(b) = -5130*b - 56981. Give u(-11).
-551
Let c(d) = d**3 + 15*d**2 + 21*d - 112. Determine c(-12).
68
Let p(f) = 3*f**2 - 1924*f + 11473. What is p(6)?
37
Let k(n) = 4*n**2 - 154*n - 800. What is k(-6)?
268
Let x(o) = 1783*o + 8932. What is x(-5)?
17
Let r(c) = -c**2 - 71*c - 1476. Determine r(-31).
-236
Let m(q) = 256*q + 4025. Calculate m(-17).
-327
Let a(d) = -1313*d - 10756. Determine a(-8).
-252
Let z(y) = 3*y**2 - 161*y - 3191. What is z(-16)?
153
Let y(c) = -c**3 - 46*c**2 - 473*c + 225. Determine y(-28).
-643
Let v(f) = 2*f**3 + 52*f**2 + 359*f - 31. What is v(-8)?
-599
Let m(c) = 13170*c + 184405. Calculate m(-14).
25
Let c(g) = 244934*g - 4163892. Calculate c(17).
-14
Let s(c) = -7441*c + 178542. What is s(24)?
-42
Let p(u) = -5*u**2 + 2212*u - 108208. Determine p(56).
-16
Let x(n) = -114*n**3 - 1239*n**2 + 129*n - 386. Give x(-11).
10
Let h(f) = 2338*f**2 + 222109*f - 86. Give h(-95).
9
Let h(z) = 1215*z**2 - 92345*z + 407. Calculate h(76).
27
Let n(y) = -y**2 + 1228*y - 13269. What is n(11)?
118
Let g(p) = -1117*p + 7802. Calculate g(5).
2217
Let z(f) = -15904*f - 111329. What is z(-7)?
-1
Let d(y) = -y**2 + 21352*y - 213416. Give d(10).
4
Let u(p) = 1024*p - 83891. What is u(81)?
-947
Let p(a) = 14*a + 92. Give p(1).
106
Let h(a) = a**3 - 295*a**2 + 6997*a - 94. Give h(26).
-16
Let n(v) = -4*v**3 + 26*v**2 + 66*v - 12. Calculate n(11).
-1464
Let y(x) = -x**2 - 46324*x + 463368. Give y(10).
28
Let n(a) = -7*a**2 - 1024*a - 7991. What is n(-138)?
13
Let u(f) = -1764*f + 422907. Give u(240).
-453
Let z(x) = 2*x**3 + 37*x**2 + 51*x + 311. What is z(-22)?
-4199
Let x(t) = -4*t**2 - 30*t + 412. Determine x(12).
-524
Let b(i) = 2*i**3 - 37*i**2 - 1601*i + 30050. Give b(19).
-8
Let h(g) = -604*g - 40499. Calculate h(-67).
-31
Let j(f) = -f**3 - 9*f**2 + 3244*f + 44163. Give j(-14).
-273
Let p(x) = -708*x + 72947. Calculate p(103).
23
Let q(k) = -48505*k + 873408. What is q(18)?
318
Let n(p) = 801*p - 200242. Give n(250).
8
Let i(k) = -k**3 - 37*k**2 - 150*k + 40. Give i(-32).
-280
Let q(l) = -19*l**2 - 111*l + 407. Give q(0).
407
Let u(v) = v**2 - 29841*v - 12556249. Give u(-415).
-9
Let i(u) = -u**3 + 10*u**2 + 3117*u - 344. Calculate i(61).
22
Let h(v) = 19516*v - 77883. Calculate h(4).
181
Let c(s) = -3*s**2 + 500*s - 2211. Give c(162).
57
Let i(m) = m**2 + 265*m - 2224. Give i(-271).
-598
Let j(o) = 2*o**3 + 232*o**2 + 5*o + 433. Calculate j(-116).
-147
Let i(t) = 4878*t + 404860. Determine i(-83).
-14
Let b(v) = -281*v + 17143. What is b(61)?
2
Let k(o) = o**3 - 20*o**2 - 329*o + 3349. Calculate k(8).
-51
Let h(v) = -1322*v - 7783. Give h(-5).
-1173
Let d(i) = 165312*i + 2149051. Give d(-13).
-5
Let m(j) = j**3 - 2*j**2 - 467*j + 44. Give m(25).
2744
Let o(z) = -5*z**3 - 145*z**2 + 517*z - 267. What is o(3)?
-156
Let m(y) = 3*y**3 - 200*y**2 + 583*y - 29744. Calculate m(66).
22
Let s(u) = -271*u + 660. What is s(4)?
-424
Let r(f) = -24*f**2 - 518*f - 924. Calculate r(-20).
-164
Let h(z) = -2*z**2 + 57205*z + 343344. What is h(-6)?
42
Let r(f) = -f**3 - 596*f**2 - 370*f - 220551. What is r(-596)?
-31
Let j(v) = 2947*v + 166582. Calculate j(-57).
-1397
Let p(a) = -a**3 - 471*a**2 + 7049*a + 3618. What is p(15)?
3
Let x(b) = b**3 - 22*b**2 + 597*b - 14271. What is x(23)?
-11
Let d(b) = -39017*b + 156059. Give d(4).
-9
Let j(d) = d**3 - 299*d**2 - 477*d + 53095. Calculate j(300).
-5
Let g(s) = 3*s**2 + 129*s + 1351. Calculate g(-15).
91
Let v(n) = -n**3 - 14*n**2 + 196*n - 15. What is v(-23)?
238
Let c(y) = -2911*y - 902416. What is c(-310)?
-6
Let s(x) = 2*x**3 - 12*x**2 - 287*x + 1155. Calculate s(4).
-57
Let g(d) = 58622*d + 117303. Calculate g(-2).
59
Let j(i) = 7606*i + 91214. Give j(-12).
-58
Let r(k) = -k**3 + 32*k**2 - 480*k - 83. Calculate r(16).
-3667
Let a(q) = -q**2 + 61998*q - 1673227. Give a(27).
-10
Let a(h) = -4*h**2 - 162*h - 259. Determine a(-6).
569
Let g(z) = 3030*z**2 - 81807*z - 113. What is g(27)?
-32
Let r(j) = 85*j + 503. Calculate r(-6).
-7
Let c(p) = -2*p**3 - 7*p**2 - 102*p + 590. Calculate c(7).
-1153
Let j(k) = -923*k - 163358. Calculate j(-177).
13
Let m(c) = -c**3 + 27*c**2 - 23*c - 660. What is m(25)?
15
Let q(r) = -r**3 - 67*r**2 - 389*r - 3598. Give q(-61).
-2195
Let u(n) = -62*n - 115. What is u(0)?
-115
Let q(g) = 8692*g + 1529785. Calculate q(-176).
-7
Let y(g) = -2*g**3 + 533*g**2 - 342*g + 20272. Calculate y(266).
56
Let i(u) = 42449*u + 8362453. Give i(-197).
0
Let a(p) = -p**2 - 2308*p + 1257167. What is a(455)?
2
Let p(t) = -78266*t - 3287175. Determine p(-42).
-3
Let i(a) = 20063*a - 180571. Calculate i(9).
-4
Let q(m) = 4*m**3 + 22*m**2 - 24*m - 157. What is q(-5)?
13
Let t(f) = 1187*f + 625860. Calculate t(-527).
311
Let x(u) = -u**2 - 855*u + 153381. What is x(152)?
317
Let d(r) = -2240*r**2 + 2251*r + 46. Give d(1).
57
Let c(d) = -56*d - 6728. Determine c(-133).
720
Let i(g) = -1419*g - 48928. Determine i(-35).
737
Let n(i) = -1012961*i - 7090770. Calculate n(-7).
-43
Let l(p) = 2*p**3 - 217*p**2 - 4130*p + 608. Give l(125).
-17
Let x(z) = -z**3 + 80*z**2 + 849*z + 4155. Give x(90).
-435
Let r(p) = -p**3 - 32*p**2 - 103*p - 3302. Give r(-32).
-6
Let g(d) = -20*d**2 - 7849*d + 4288. What is g(-393)?
-35
Let d(f) = 3*f**2 - 305*f + 7760. What is d(50)?
10
Let v(l) = -2*l**3 + 302*l**2 + 167*l - 25188. Calculate v(151).
29
Let x(o) = 2*o**2 + 5386*o + 1308429. Give x(-270).
9
Let z(g) = 290*g**2 + 8551*g + 4114. Calculate z(-29).
25
Let p(f) = -2*f**2 - 159*f + 31441. What is p(-171)?
148
Let l(r) = -r**2 + 62*r + 14361. Determine l(-93).
-54
Let g(x) = 298726*x - 597457. Determine g(2).
-5
Let p(f) = f**3 - 1359*f**2 + 34672*f - 18693. Determine p(1333).
-31
Let y(v) = -23967*v - 4553722. Give y(-190).
8
Let y(d) = 2260*d - 31602. What is y(14)?
38
Let s(f) = -3*f**2 + 3506*f - 132087. Give s(39).
84
Let i(c) = -c**3 + 24*c**2 + 63*c + 6. Give i(27).
-480
Let o(z) = -5*z**3 - 90*z**2 + 178*z + 3046. Give o(-18).
-158
Let b(q) = 11*q**2 - 4436*q + 10015. Calculate b(401).
-10
Let d(a) = 80*a - 2138. Determine d(26).
-58
